 7409 a composite number?
True
Is 42049 prime?
False
Is 3449 prime?
True
Is 1413226 a composite number?
True
Is 10583 a prime number?
False
Is 30289 a prime number?
False
Is 3719 a prime number?
True
Is 8353 prime?
True
Is 696481 prime?
True
Is 267459 a prime number?
False
Is 5077 a composite number?
False
Is 58889 composite?
False
Is 12611 a composite number?
False
Is 604489 composite?
True
Is 835 composite?
True
Is 8383 prime?
False
Is 1433441 a prime number?
False
Is 1361 a composite number?
False
Is 102761 a composite number?
False
Is 7039 a composite number?
False
Is 2098 prime?
False
Is 7555 a prime number?
False
Is 911 a composite number?
False
Is 505 a composite number?
True
Is 63197 composite?
False
Is 19829 composite?
True
Is 26093 a prime number?
False
Is 787007 composite?
True
Is 42131 composite?
False
Is 4619 composite?
True
Is 21806 a prime number?
False
Is 5839 composite?
False
Is 173203 a composite number?
True
Is 172849 a composite number?
False
Is 4661 composite?
True
Is 10003 a composite number?
True
Is 1191 a prime number?
False
Is 507701 a prime number?
False
Is 85433 composite?
True
Is 1189 a prime number?
False
Is 246497 a prime number?
True
Is 875129 composite?
False
Is 190243 composite?
False
Is 14143 a composite number?
False
Is 62641 composite?
True
Is 8939 prime?
False
Is 12982 composite?
True
Is 133249 composite?
True
Is 1020079 a composite number?
False
Is 446617 a prime number?
False
Is 2055449 prime?
False
Is 725791 a composite number?
True
Is 391 prime?
False
Is 9619 composite?
False
Is 61403 prime?
True
Is 399549 prime?
False
Is 73183 a composite number?
True
Is 845717 a composite number?
False
Is 25859 a prime number?
False
Is 129793 composite?
False
Is 113063 a composite number?
False
Is 151121 a prime number?
True
Is 13649 a composite number?
False
Is 24313 a prime number?
False
Is 1574269 prime?
True
Is 290587 composite?
True
Is 24509 composite?
False
Is 120121 composite?
False
Is 12713 a prime number?
True
Is 9277 a composite number?
False
Is 32083 prime?
True
Is 18563 a prime number?
False
Is 46399 a composite number?
False
Is 2393 a prime number?
True
Is 7993 prime?
True
Is 430161 prime?
False
Is 17517 a prime number?
False
Is 25177 a prime number?
False
Is 834367 composite?
False
Is 6769 a composite number?
True
Is 49727 a prime number?
True
Is 9427 a prime number?
False
Is 15943 prime?
False
Is 230151 prime?
False
Is 3493 a prime number?
False
Is 15541 a composite number?
False
Is 124679 prime?
True
Is 166609 a prime number?
True
Is 11209 composite?
True
Is 455395 a composite number?
True
Is 197755 a composite number?
True
Is 49169 prime?
True
Is 53483 prime?
False
Is 12373 a composite number?
False
Is 712043 prime?
False
Is 142007 prime?
True
Is 13001 prime?
True
Is 68759 a composite number?
True
Is 446 a composite number?
True
Is 15595 prime?
False
Is 683699 a prime number?
True
Is 321817 a composite number?
False
Is 135911 a prime number?
True
Is 11279 composite?
False
Is 14285 composite?
True
Is 720131 a composite number?
True
Is 124549 a prime number?
False
Is 6353 prime?
True
Is 44359 a composite number?
True
Is 34421 composite?
False
Is 564643 composite?
False
Is 38411 composite?
True
Is 5557 composite?
False
Is 2284355 a prime number?
False
Is 6267277 composite?
True
Is 112199 prime?
True
Is 59951 composite?
False
Is 86011 composite?
False
Is 557981 a prime number?
True
Is 33757 prime?
True
Is 483671 a composite number?
False
Is 130859 prime?
True
Is 3979 composite?
True
Is 372194 prime?
False
Is 195491 composite?
True
Is 159113 prime?
True
Is 17597 a composite number?
False
Is 446713 a composite number?
False
Is 71471 prime?
True
Is 797 a composite number?
False
Is 89515 a composite number?
True
Is 13963 prime?
True
Is 205913 prime?
True
Is 105603 composite?
True
Is 104527 a prime number?
True
Is 2329 composite?
True
Is 1031 prime?
True
Is 188249 a composite number?
False
Is 1137 prime?
False
Is 1300861 prime?
False
Is 3736742 a prime number?
False
Is 1773301 prime?
False
Is 823703 prime?
True
Is 35263 a prime number?
False
Is 93011 a composite number?
True
Is 57329 a prime number?
True
Is 1736585 composite?
True
Is 5723 prime?
False
Is 10221 composite?
True
Is 39743 prime?
False
Is 26905 composite?
True
Is 377011 a prime number?
True
Is 7895 a prime number?
False
Is 610923 prime?
False
Is 142565 a prime number?
False
Is 55579 prime?
True
Is 648079 prime?
True
Is 6679 prime?
True
Is 814741 composite?
False
Is 3191 composite?
False
Is 30111 a composite number?
True
Is 37211 composite?
True
Is 66227 composite?
True
Is 5989 prime?
False
Is 18967 a prime number?
False
Is 26662 composite?
True
Is 40181 a composite number?
True
Is 2173037 a prime number?
False
Is 899842 a prime number?
False
Is 12451 a composite number?
False
Is 1009 prime?
True
Is 1361 a composite number?
False
Is 199127 a composite number?
True
Is 45053 a prime number?
True
Is 547337 a prime number?
False
Is 2719 a composite number?
False
Is 871 a composite number?
True
Is 1388113 composite?
False
Is 486349 a composite number?
False
Is 150235 composite?
True
Is 174373 prime?
False
Is 64939 prime?
False
Is 4835 prime?
False
Is 2878 prime?
False
Is 422545 prime?
False
Is 119489 a composite number?
False
Is 8419 a prime number?
True
Is 2047 a composite number?
True
Is 454859 a prime number?
True
Is 731473 composite?
True
Is 37031 a composite number?
True
Is 570629 prime?
False
Is 9223 prime?
False
Is 5191 prime?
False
Is 869747 prime?
True
Is 444269 prime?
False
Is 101789 prime?
True
Is 11337 composite?
True
Is 1259 prime?
True
Is 34019 a prime number?
True
Is 357841 a prime number?
False
Is 904181 a composite number?
False
Is 7157 a prime number?
False
Is 53891 prime?
True
Is 8941 a prime number?
True
Is 191 composite?
False
Is 35069 prime?
True
Is 6313 composite?
True
Is 647779 prime?
False
Is 406789 a prime number?
True
Is 1151 a prime number?
True
Is 204707 a prime number?
True
Is 29483 a composite number?
False
Is 2203343 composite?
True
Is 3793 a composite number?
False
Is 493967 composite?
False
Is 207327 prime?
False
Is 3117 composite?
True
Is 6047 a composite number?
False
Is 151993 prime?
False
Is 509513 a prime number?
True
Is 32047 prime?
False
Is 89959 a prime number?
True
Is 19094 composite?
True
Is 608815 prime?
False
Is 36845 prime?
False
Is 2201983 composite?
True
Is 2098097 a composite number?
False
Is 243527 prime?
True
Is 437219 a composite number?
False
Is 359557 a prime number?
False
Is 404198 prime?
False
Is 1078753 a prime number?
False
Is 101797 a composite number?
False
Is 30803 a prime number?
True
Is 129263 composite?
False
Is 673 prime?
True
Is 707801 prime?
True
Is 95674 prime?
False
Is 8803 prime?
True
Is 15961 composite?
True
Is 673 a prime number?
True
Is 16603 a composite number?
False
Is 408783 a composite number?
True
Is 346197 a composite number?
True
Is 738643 prime?
True
Is 13517 a composite number?
True
Is 50417 a composite number?
False
Is 13159 prime?
True
Is 1009481 composite?
True
Is 279781 a composite number?
True
Is 851 prime?
False
Is 9031 composite?
True
Is 18563 a composite number?
True
Is 34723 a prime number?
False
Is 9221 prime?
True
Is 501 a composite number?
True
Is 12071 prime?
True
Is 602341 prime?
True
Is 78955 a composite number?
True
Is 5833 prime?
False
Is 393 a prime number?
False
Is 389449 composite?
True
Is 37477 composite?
True
Is 35221 prime?
True
Is 593987 a composite number?
False
Is 2501291 a composite number?
True
Is 3898 prime?
False
Is 40217 prime?
False
Is 289343 a prime number?
True
Is 14657 prime?
True
Is 92051 prime?
True
Is 1148249 composite?
False
Is 3691 a prime number?
True
Is 3137 a composite number?
False
Is 17517 a composite number?
True
Is 18353 a composite number?
False
Is 205097 a composite number?
False
Is 5017 composite?
True
Is 23399 a prime number?
True
Is 42043 prime?
True
Is 6583 composite?
True
Is 20617 prime?
False
Is 7121 a prime number?
True
Is 15493 composite?
False
Is 267671 a prime number?
True
Is 338503 a composite number?
True
Is 41063 prime?
False
Is 6247 prime?
True
Is 1676167 a composite number?
False
Is 230407 a composite number?
True
Is 330271 composite?
False
Is 2140163 composite?
False
Is 659599 composite?
True
Is 3967 a p